{"version":"1.0","provider_name":"Alter Justice","provider_url":"https:\/\/alterjustice.org\/en\/","title":"Le profil des personnes incarc\u00e9r\u00e9es - Alter Justice","type":"rich","width":600,"height":338,"html":"<blockquote class=\"wp-embedded-content\" data-secret=\"i5PZ4yYgDK\"><a href=\"https:\/\/alterjustice.org\/en\/sensi-research\/le-profil-des-personnes-incarcerees\/\">Le profil des personnes incarc\u00e9r\u00e9es<\/a><\/blockquote><iframe sandbox=\"allow-scripts\" security=\"restricted\" src=\"https:\/\/alterjustice.org\/en\/sensi-research\/le-profil-des-personnes-incarcerees\/embed\/#?secret=i5PZ4yYgDK\" width=\"600\" height=\"338\" title=\"&#8220;Le profil des personnes incarc\u00e9r\u00e9es&#8221; &#8212; Alter Justice\" data-secret=\"i5PZ4yYgDK\" frameborder=\"0\" marginwidth=\"0\" marginheight=\"0\" scrolling=\"no\" class=\"wp-embedded-content\"><\/iframe><script type=\"text\/javascript\">\n\/* <![CDATA[ *\/\n\/*! This file is auto-generated *\/\n!function(d,l){\"use strict\";l.querySelector&&d.addEventListener&&\"undefined\"!=typeof URL&&(d.wp=d.wp||{},d.wp.receiveEmbedMessage||(d.wp.receiveEmbedMessage=function(e){var t=e.data;if((t||t.secret||t.message||t.value)&&!\/[^a-zA-Z0-9]\/.test(t.secret)){for(var s,r,n,a=l.querySelectorAll('iframe[data-secret=\"'+t.secret+'\"]'),o=l.querySelectorAll('blockquote[data-secret=\"'+t.secret+'\"]'),c=new RegExp(\"^https?:$\",\"i\"),i=0;i<o.length;i++)o[i].style.display=\"none\";for(i=0;i<a.length;i++)s=a[i],e.source===s.contentWindow&&(s.removeAttribute(\"style\"),\"height\"===t.message?(1e3<(r=parseInt(t.value,10))?r=1e3:~~r<200&&(r=200),s.height=r):\"link\"===t.message&&(r=new URL(s.getAttribute(\"src\")),n=new URL(t.value),c.test(n.protocol))&&n.host===r.host&&l.activeElement===s&&(d.top.location.href=t.value))}},d.addEventListener(\"message\",d.wp.receiveEmbedMessage,!1),l.addEventListener(\"DOMContentLoaded\",function(){for(var e,t,s=l.querySelectorAll(\"iframe.wp-embedded-content\"),r=0;r<s.length;r++)(t=(e=s[r]).getAttribute(\"data-secret\"))||(t=Math.random().toString(36).substring(2,12),e.src+=\"#?secret=\"+t,e.setAttribute(\"data-secret\",t)),e.contentWindow.postMessage({message:\"ready\",secret:t},\"*\")},!1)))}(window,document);\n\/\/# sourceURL=https:\/\/alterjustice.org\/wp-includes\/js\/wp-embed.min.js\n\/* ]]> *\/\n<\/script>\n","thumbnail_url":"https:\/\/alterjustice.org\/wp-content\/uploads\/2021\/07\/prison07.jpg","thumbnail_width":1568,"thumbnail_height":920,"description":"Derni\u00e8re mise \u00e0 jour&nbsp;: 27 juillet 2015 Un portrait de la population carc\u00e9rale du Qu\u00e9bec Qui sont les personnes incarc\u00e9r\u00e9es au sein des prisons qu\u00e9b\u00e9coises? Voici quelques donn\u00e9es qui vous permettront de mieux comprendre le profil de la client\u00e8le carc\u00e9rale du Qu\u00e9bec, selon diff\u00e9rentes sph\u00e8res. On dit souvent que la prison est un concentr\u00e9 des [&hellip;]"}

Le profil des personnes incarcérées - Alter Justice

<blockquote class="wp-embedded-content" data-secret="i5PZ4yYgDK"><a href="https://alterjustice.org/en/sensi-research/le-profil-des-personnes-incarcerees/">Le profil des personnes incarcérées</a></blockquote><iframe sandbox="allow-scripts" security="restricted" src="https://alterjustice.org/en/sensi-research/le-profil-des-personnes-incarcerees/embed/#?secret=i5PZ4yYgDK" width="600" height="338" title="&#8220;Le profil des personnes incarcérées&#8221; &#8212; Alter Justice" data-secret="i5PZ4yYgDK" frameborder="0" marginwidth="0" marginheight="0" scrolling="no" class="wp-embedded-content"></iframe><script type="text/javascript">
/* <![CDATA[ */
/*! This file is auto-generated */
!function(d,l){"use strict";l.querySelector&&d.addEventListener&&"undefined"!=typeof URL&&(d.wp=d.wp||{},d.wp.receiveEmbedMessage||(d.wp.receiveEmbedMessage=function(e){var t=e.data;if((t||t.secret||t.message||t.value)&&!/[^a-zA-Z0-9]/.test(t.secret)){for(var s,r,n,a=l.querySelectorAll('iframe[data-secret="'+t.secret+'"]'),o=l.querySelectorAll('blockquote[data-secret="'+t.secret+'"]'),c=new RegExp("^https?:$","i"),i=0;i<o.length;i++)o[i].style.display="none";for(i=0;i<a.length;i++)s=a[i],e.source===s.contentWindow&&(s.removeAttribute("style"),"height"===t.message?(1e3<(r=parseInt(t.value,10))?r=1e3:~~r<200&&(r=200),s.height=r):"link"===t.message&&(r=new URL(s.getAttribute("src")),n=new URL(t.value),c.test(n.protocol))&&n.host===r.host&&l.activeElement===s&&(d.top.location.href=t.value))}},d.addEventListener("message",d.wp.receiveEmbedMessage,!1),l.addEventListener("DOMContentLoaded",function(){for(var e,t,s=l.querySelectorAll("iframe.wp-embedded-content"),r=0;r<s.length;r++)(t=(e=s[r]).getAttribute("data-secret"))||(t=Math.random().toString(36).substring(2,12),e.src+="#?secret="+t,e.setAttribute("data-secret",t)),e.contentWindow.postMessage({message:"ready",secret:t},"*")},!1)))}(window,document);
//# sourceURL=https://alterjustice.org/wp-includes/js/wp-embed.min.js
/* ]]> */
</script>

Dernière mise à jour&nbsp;: 27 juillet 2015 Un portrait de la population carcérale du Québec Qui sont les personnes incarcérées au sein des prisons québécoises? Voici quelques données qui vous permettront de mieux comprendre le profil de la clientèle carcérale du Québec, selon différentes sphères. On dit souvent que la prison est un concentré des [&hellip;]
